{"id":20,"date":"2020-01-07T00:48:10","date_gmt":"2020-01-06T23:48:10","guid":{"rendered":"http:\/\/lacaveetlebistrot.com\/?page_id=20"},"modified":"2023-05-24T15:06:47","modified_gmt":"2023-05-24T13:06:47","slug":"contact","status":"publish","type":"page","link":"https:\/\/lacaveetlebistrot.com\/index.php\/contact\/","title":{"rendered":"Nous contacter"},"content":{"rendered":"\n<figure class=\"wp-block-image size-large\"><img data-recalc-dims=\"1\" height=\"768\" width=\"1024\" decoding=\"async\" src=\"https:\/\/i0.wp.com\/lacaveetlebistrot.com\/wp-content\/uploads\/2021\/12\/wp-1639072873187.jpg?resize=1024%2C768&#038;ssl=1\" alt=\"La devanture\" class=\"wp-image-1532\"\/><figcaption class=\"wp-element-caption\"><strong><span class=\"has-inline-color has-black-color\">Contact de la cave \u00e0 vin<\/span><\/strong><\/figcaption><\/figure>\n\n\n\n<p class=\"has-very-dark-gray-color has-text-color has-medium-font-size\"><strong>Suivez nous sur notre page<\/strong><\/p>\n\n\n\n<h3 class=\"wp-block-heading has-vivid-cyan-blue-color has-text-color\">Facebook: <strong><a rel=\"noreferrer noopener\" aria-label=\" (s\u2019ouvre dans un nouvel onglet)\" href=\"https:\/\/www.facebook.com\/LaCaveetLeBistrot\/\" target=\"_blank\">https:\/\/www.facebook.com\/LaCaveetLeBistrot\/<\/a><\/strong><\/h3>\n\n\n\n<h3 class=\"wp-block-heading\"><strong>Nos Coordonn\u00e9es<\/strong><\/h3>\n\n\n\n<p><\/p>\n\n\n\n<div class=\"wp-block-columns is-layout-flex wp-container-core-columns-is-layout-9d6595d7 wp-block-columns-is-layout-flex\">\n<div class=\"wp-block-column is-layout-flow wp-block-column-is-layout-flow\">\n<div class=\"wp-block-group\"><div class=\"wp-block-group__inner-container is-layout-flow wp-block-group-is-layout-flow\">\n<h3 class=\"wp-block-heading has-very-dark-gray-color has-text-color\"> Adresse : <strong>8 Av Jeanne d arc <\/strong><\/h3>\n\n\n\n<p><\/p>\n<\/div><\/div>\n\n\n\n<p><\/p>\n\n\n\n<h3 class=\"wp-block-heading has-very-dark-gray-color has-text-color\"> Code postal : <strong>13400<\/strong> <\/h3>\n<\/div>\n\n\n\n<div class=\"wp-block-column is-layout-flow wp-block-column-is-layout-flow\">\n<h3 class=\"wp-block-heading has-very-dark-gray-color has-text-color\"> T\u00e9l\u00e9phone : <strong>04 42 98 12 55 <\/strong> <\/h3>\n\n\n\n<h3 class=\"wp-block-heading has-very-dark-gray-color has-text-color\">  Ville : <strong>Aubagne<\/strong>  <\/h3>\n<\/div>\n<\/div>\n\n\n\n<p>  &#8212;&#8212;&#8212;&#8212;&#8212;&#8212;&#8212;&#8212;-  <\/p>\n\n\n\n<p class=\"has-very-dark-gray-color has-text-color\" style=\"font-size:25px\">Nous sommes sur l&rsquo;avenue en face de la gare<\/p>\n\n\n\n<h1 class=\"wp-block-heading\"><a href=\"https:\/\/module.lafourchette.com\/fr_FR\/module\/724420-67c36?origin=facebook&amp;utm_medium=integration&amp;utm_source=facebook&amp;fbclid=IwAR2tYypmvRakL4CAi2bTiVNuIQtYqsB6_63u0TrGmfzRmlmI3ZnnTvKfH2o\">Pour r\u00e9server<\/a><\/h1>\n","protected":false},"excerpt":{"rendered":"<p>Suivez nous sur notre page Facebook: https:\/\/www.facebook.com\/LaCaveetLeBistrot\/ Nos Coordonn\u00e9es Adresse : Code postal : T\u00e9l\u00e9phone : Ville : &#8212;&#8212;&#8212;&#8212;&#8212;&#8212;&#8212;&#8212;- Nous sommes sur l&rsquo;avenue en face de la gare Pour r\u00e9server<\/p>\n","protected":false},"author":1,"featured_media":0,"parent":0,"menu_order":0,"comment_status":"closed","ping_status":"closed","template":"","meta":{"footnotes":""},"class_list":["post-20","page","type-page","status-publish","hentry"],"yoast_head":"<!-- This site is optimized with the Yoast SEO plugin v26.3 - https:\/\/yoast.com\/wordpress\/plugins\/seo\/ -->\n<title>Nous contacter La Cave et le Bistrot reserver, contacter, repas, midi, dinner<\/title>\n<meta name=\"description\" content=\"contact la Cave \u00e0 vin au centre ville d&#039;Aubagne. Vins de toutes r\u00e9gions, spiritueux et \u00e9picerie fine. Cave \u00e0 manger le midi avec vin au verre.\" \/>\n<meta name=\"robots\" content=\"index, follow, max-snippet:-1, max-image-preview:large, max-video-preview:-1\" \/>\n<link rel=\"canonical\" href=\"https:\/\/lacaveetlebistrot.com\/index.php\/contact\/\" \/>\n<meta property=\"og:locale\" content=\"fr_FR\" \/>\n<meta property=\"og:type\" content=\"article\" \/>\n<meta property=\"og:title\" content=\"Nous contacter La Cave et le Bistrot reserver, contacter, repas, midi, dinner\" \/>\n<meta property=\"og:description\" content=\"contact la Cave \u00e0 vin au centre ville d&#039;Aubagne. Vins de toutes r\u00e9gions, spiritueux et \u00e9picerie fine. Cave \u00e0 manger le midi avec vin au verre.\" \/>\n<meta property=\"og:url\" content=\"https:\/\/lacaveetlebistrot.com\/index.php\/contact\/\" \/>\n<meta property=\"og:site_name\" content=\"La Cave et le Bistrot\" \/>\n<meta property=\"article:publisher\" content=\"https:\/\/www.facebook.com\/LaCaveetLeBistrot\" \/>\n<meta property=\"article:modified_time\" content=\"2023-05-24T13:06:47+00:00\" \/>\n<meta property=\"og:image\" content=\"http:\/\/lacaveetlebistrot.com\/wp-content\/uploads\/2021\/12\/wp-1639072873187-1024x768.jpg\" \/>\n<meta name=\"twitter:card\" content=\"summary_large_image\" \/>\n<meta name=\"twitter:label1\" content=\"Dur\u00e9e de lecture estim\u00e9e\" \/>\n\t<meta name=\"twitter:data1\" content=\"1 minute\" \/>\n<script type=\"application\/ld+json\" class=\"yoast-schema-graph\">{\"@context\":\"https:\/\/schema.org\",\"@graph\":[{\"@type\":\"WebPage\",\"@id\":\"https:\/\/lacaveetlebistrot.com\/index.php\/contact\/\",\"url\":\"https:\/\/lacaveetlebistrot.com\/index.php\/contact\/\",\"name\":\"Nous contacter La Cave et le Bistrot reserver, contacter, repas, midi, dinner\",\"isPartOf\":{\"@id\":\"https:\/\/lacaveetlebistrot.com\/#website\"},\"primaryImageOfPage\":{\"@id\":\"https:\/\/lacaveetlebistrot.com\/index.php\/contact\/#primaryimage\"},\"image\":{\"@id\":\"https:\/\/lacaveetlebistrot.com\/index.php\/contact\/#primaryimage\"},\"thumbnailUrl\":\"http:\/\/lacaveetlebistrot.com\/wp-content\/uploads\/2021\/12\/wp-1639072873187-1024x768.jpg\",\"datePublished\":\"2020-01-06T23:48:10+00:00\",\"dateModified\":\"2023-05-24T13:06:47+00:00\",\"description\":\"contact la Cave \u00e0 vin au centre ville d'Aubagne. Vins de toutes r\u00e9gions, spiritueux et \u00e9picerie fine. Cave \u00e0 manger le midi avec vin au verre.\",\"breadcrumb\":{\"@id\":\"https:\/\/lacaveetlebistrot.com\/index.php\/contact\/#breadcrumb\"},\"inLanguage\":\"fr-FR\",\"potentialAction\":[{\"@type\":\"ReadAction\",\"target\":[\"https:\/\/lacaveetlebistrot.com\/index.php\/contact\/\"]}]},{\"@type\":\"ImageObject\",\"inLanguage\":\"fr-FR\",\"@id\":\"https:\/\/lacaveetlebistrot.com\/index.php\/contact\/#primaryimage\",\"url\":\"http:\/\/lacaveetlebistrot.com\/wp-content\/uploads\/2021\/12\/wp-1639072873187-1024x768.jpg\",\"contentUrl\":\"http:\/\/lacaveetlebistrot.com\/wp-content\/uploads\/2021\/12\/wp-1639072873187-1024x768.jpg\"},{\"@type\":\"BreadcrumbList\",\"@id\":\"https:\/\/lacaveetlebistrot.com\/index.php\/contact\/#breadcrumb\",\"itemListElement\":[{\"@type\":\"ListItem\",\"position\":1,\"name\":\"Accueil\",\"item\":\"https:\/\/lacaveetlebistrot.com\/\"},{\"@type\":\"ListItem\",\"position\":2,\"name\":\"Nous contacter\"}]},{\"@type\":\"WebSite\",\"@id\":\"https:\/\/lacaveetlebistrot.com\/#website\",\"url\":\"https:\/\/lacaveetlebistrot.com\/\",\"name\":\"La Cave et le Bistrot\",\"description\":\"La cave \u00e0 vin du centre ville d&#039;Aubagne\",\"publisher\":{\"@id\":\"https:\/\/lacaveetlebistrot.com\/#organization\"},\"potentialAction\":[{\"@type\":\"SearchAction\",\"target\":{\"@type\":\"EntryPoint\",\"urlTemplate\":\"https:\/\/lacaveetlebistrot.com\/?s={search_term_string}\"},\"query-input\":{\"@type\":\"PropertyValueSpecification\",\"valueRequired\":true,\"valueName\":\"search_term_string\"}}],\"inLanguage\":\"fr-FR\"},{\"@type\":\"Organization\",\"@id\":\"https:\/\/lacaveetlebistrot.com\/#organization\",\"name\":\"La Cave et le Bistrot\",\"alternateName\":\"Cave \u00e0 vin Aubagne\",\"url\":\"https:\/\/lacaveetlebistrot.com\/\",\"logo\":{\"@type\":\"ImageObject\",\"inLanguage\":\"fr-FR\",\"@id\":\"https:\/\/lacaveetlebistrot.com\/#\/schema\/logo\/image\/\",\"url\":\"https:\/\/i0.wp.com\/lacaveetlebistrot.com\/wp-content\/uploads\/2021\/12\/Logo-carre-e1642772598302.png?fit=548%2C572&ssl=1\",\"contentUrl\":\"https:\/\/i0.wp.com\/lacaveetlebistrot.com\/wp-content\/uploads\/2021\/12\/Logo-carre-e1642772598302.png?fit=548%2C572&ssl=1\",\"width\":548,\"height\":572,\"caption\":\"La Cave et le Bistrot\"},\"image\":{\"@id\":\"https:\/\/lacaveetlebistrot.com\/#\/schema\/logo\/image\/\"},\"sameAs\":[\"https:\/\/www.facebook.com\/LaCaveetLeBistrot\"]}]}<\/script>\n<!-- \/ Yoast SEO plugin. -->","yoast_head_json":{"title":"Nous contacter La Cave et le Bistrot reserver, contacter, repas, midi, dinner","description":"contact la Cave \u00e0 vin au centre ville d'Aubagne. Vins de toutes r\u00e9gions, spiritueux et \u00e9picerie fine. Cave \u00e0 manger le midi avec vin au verre.","robots":{"index":"index","follow":"follow","max-snippet":"max-snippet:-1","max-image-preview":"max-image-preview:large","max-video-preview":"max-video-preview:-1"},"canonical":"https:\/\/lacaveetlebistrot.com\/index.php\/contact\/","og_locale":"fr_FR","og_type":"article","og_title":"Nous contacter La Cave et le Bistrot reserver, contacter, repas, midi, dinner","og_description":"contact la Cave \u00e0 vin au centre ville d'Aubagne. Vins de toutes r\u00e9gions, spiritueux et \u00e9picerie fine. Cave \u00e0 manger le midi avec vin au verre.","og_url":"https:\/\/lacaveetlebistrot.com\/index.php\/contact\/","og_site_name":"La Cave et le Bistrot","article_publisher":"https:\/\/www.facebook.com\/LaCaveetLeBistrot","article_modified_time":"2023-05-24T13:06:47+00:00","og_image":[{"url":"http:\/\/lacaveetlebistrot.com\/wp-content\/uploads\/2021\/12\/wp-1639072873187-1024x768.jpg","type":"","width":"","height":""}],"twitter_card":"summary_large_image","twitter_misc":{"Dur\u00e9e de lecture estim\u00e9e":"1 minute"},"schema":{"@context":"https:\/\/schema.org","@graph":[{"@type":"WebPage","@id":"https:\/\/lacaveetlebistrot.com\/index.php\/contact\/","url":"https:\/\/lacaveetlebistrot.com\/index.php\/contact\/","name":"Nous contacter La Cave et le Bistrot reserver, contacter, repas, midi, dinner","isPartOf":{"@id":"https:\/\/lacaveetlebistrot.com\/#website"},"primaryImageOfPage":{"@id":"https:\/\/lacaveetlebistrot.com\/index.php\/contact\/#primaryimage"},"image":{"@id":"https:\/\/lacaveetlebistrot.com\/index.php\/contact\/#primaryimage"},"thumbnailUrl":"http:\/\/lacaveetlebistrot.com\/wp-content\/uploads\/2021\/12\/wp-1639072873187-1024x768.jpg","datePublished":"2020-01-06T23:48:10+00:00","dateModified":"2023-05-24T13:06:47+00:00","description":"contact la Cave \u00e0 vin au centre ville d'Aubagne. Vins de toutes r\u00e9gions, spiritueux et \u00e9picerie fine. Cave \u00e0 manger le midi avec vin au verre.","breadcrumb":{"@id":"https:\/\/lacaveetlebistrot.com\/index.php\/contact\/#breadcrumb"},"inLanguage":"fr-FR","potentialAction":[{"@type":"ReadAction","target":["https:\/\/lacaveetlebistrot.com\/index.php\/contact\/"]}]},{"@type":"ImageObject","inLanguage":"fr-FR","@id":"https:\/\/lacaveetlebistrot.com\/index.php\/contact\/#primaryimage","url":"http:\/\/lacaveetlebistrot.com\/wp-content\/uploads\/2021\/12\/wp-1639072873187-1024x768.jpg","contentUrl":"http:\/\/lacaveetlebistrot.com\/wp-content\/uploads\/2021\/12\/wp-1639072873187-1024x768.jpg"},{"@type":"BreadcrumbList","@id":"https:\/\/lacaveetlebistrot.com\/index.php\/contact\/#breadcrumb","itemListElement":[{"@type":"ListItem","position":1,"name":"Accueil","item":"https:\/\/lacaveetlebistrot.com\/"},{"@type":"ListItem","position":2,"name":"Nous contacter"}]},{"@type":"WebSite","@id":"https:\/\/lacaveetlebistrot.com\/#website","url":"https:\/\/lacaveetlebistrot.com\/","name":"La Cave et le Bistrot","description":"La cave \u00e0 vin du centre ville d&#039;Aubagne","publisher":{"@id":"https:\/\/lacaveetlebistrot.com\/#organization"},"potentialAction":[{"@type":"SearchAction","target":{"@type":"EntryPoint","urlTemplate":"https:\/\/lacaveetlebistrot.com\/?s={search_term_string}"},"query-input":{"@type":"PropertyValueSpecification","valueRequired":true,"valueName":"search_term_string"}}],"inLanguage":"fr-FR"},{"@type":"Organization","@id":"https:\/\/lacaveetlebistrot.com\/#organization","name":"La Cave et le Bistrot","alternateName":"Cave \u00e0 vin Aubagne","url":"https:\/\/lacaveetlebistrot.com\/","logo":{"@type":"ImageObject","inLanguage":"fr-FR","@id":"https:\/\/lacaveetlebistrot.com\/#\/schema\/logo\/image\/","url":"https:\/\/i0.wp.com\/lacaveetlebistrot.com\/wp-content\/uploads\/2021\/12\/Logo-carre-e1642772598302.png?fit=548%2C572&ssl=1","contentUrl":"https:\/\/i0.wp.com\/lacaveetlebistrot.com\/wp-content\/uploads\/2021\/12\/Logo-carre-e1642772598302.png?fit=548%2C572&ssl=1","width":548,"height":572,"caption":"La Cave et le Bistrot"},"image":{"@id":"https:\/\/lacaveetlebistrot.com\/#\/schema\/logo\/image\/"},"sameAs":["https:\/\/www.facebook.com\/LaCaveetLeBistrot"]}]}},"jetpack-related-posts":[],"jetpack_sharing_enabled":true,"_links":{"self":[{"href":"https:\/\/lacaveetlebistrot.com\/index.php\/wp-json\/wp\/v2\/pages\/20","targetHints":{"allow":["GET"]}}],"collection":[{"href":"https:\/\/lacaveetlebistrot.com\/index.php\/wp-json\/wp\/v2\/pages"}],"about":[{"href":"https:\/\/lacaveetlebistrot.com\/index.php\/wp-json\/wp\/v2\/types\/page"}],"author":[{"embeddable":true,"href":"https:\/\/lacaveetlebistrot.com\/index.php\/wp-json\/wp\/v2\/users\/1"}],"replies":[{"embeddable":true,"href":"https:\/\/lacaveetlebistrot.com\/index.php\/wp-json\/wp\/v2\/comments?post=20"}],"version-history":[{"count":64,"href":"https:\/\/lacaveetlebistrot.com\/index.php\/wp-json\/wp\/v2\/pages\/20\/revisions"}],"predecessor-version":[{"id":2237,"href":"https:\/\/lacaveetlebistrot.com\/index.php\/wp-json\/wp\/v2\/pages\/20\/revisions\/2237"}],"wp:attachment":[{"href":"https:\/\/lacaveetlebistrot.com\/index.php\/wp-json\/wp\/v2\/media?parent=20"}],"curies":[{"name":"wp","href":"https:\/\/api.w.org\/{rel}","templated":true}]}}