{"id":19,"date":"2020-01-07T00:48:10","date_gmt":"2020-01-06T23:48:10","guid":{"rendered":"http:\/\/lacaveetlebistrot.com\/?page_id=19"},"modified":"2022-01-19T16:48:37","modified_gmt":"2022-01-19T15:48:37","slug":"a-propos-de-la-cave-et-le-bistrot","status":"publish","type":"page","link":"https:\/\/lacaveetlebistrot.com\/index.php\/a-propos-de-la-cave-et-le-bistrot\/","title":{"rendered":"\u00c0 propos de la cave et le bistrot"},"content":{"rendered":"\n<h2 class=\"wp-block-heading\"><span class=\"has-inline-color has-black-color\">Avant tout, \u00e0 la Cave et le Bistrot nous sommes mari et femme, passionn\u00e9s des bonnes choses et \u00e9picuriens.<\/span><\/h2>\n\n\n\n<figure class=\"wp-block-image size-large\"><img data-recalc-dims=\"1\" loading=\"lazy\" decoding=\"async\" width=\"1024\" height=\"450\" src=\"https:\/\/i0.wp.com\/lacaveetlebistrot.com\/wp-content\/uploads\/2020\/01\/73325812_115259966574417_834726898272567296_o.jpg?resize=1024%2C450&#038;ssl=1\" alt=\"M\u00e9lodie et Thierry de la cave et le bistrot\" class=\"wp-image-168\" srcset=\"https:\/\/i0.wp.com\/lacaveetlebistrot.com\/wp-content\/uploads\/2020\/01\/73325812_115259966574417_834726898272567296_o-scaled.jpg?resize=1024%2C450&amp;ssl=1 1024w, https:\/\/i0.wp.com\/lacaveetlebistrot.com\/wp-content\/uploads\/2020\/01\/73325812_115259966574417_834726898272567296_o-scaled.jpg?resize=600%2C264&amp;ssl=1 600w, https:\/\/i0.wp.com\/lacaveetlebistrot.com\/wp-content\/uploads\/2020\/01\/73325812_115259966574417_834726898272567296_o-scaled.jpg?resize=300%2C132&amp;ssl=1 300w, https:\/\/i0.wp.com\/lacaveetlebistrot.com\/wp-content\/uploads\/2020\/01\/73325812_115259966574417_834726898272567296_o-scaled.jpg?resize=768%2C338&amp;ssl=1 768w, https:\/\/i0.wp.com\/lacaveetlebistrot.com\/wp-content\/uploads\/2020\/01\/73325812_115259966574417_834726898272567296_o-scaled.jpg?resize=200%2C88&amp;ssl=1 200w, https:\/\/i0.wp.com\/lacaveetlebistrot.com\/wp-content\/uploads\/2020\/01\/73325812_115259966574417_834726898272567296_o-scaled.jpg?resize=1536%2C676&amp;ssl=1 1536w, https:\/\/i0.wp.com\/lacaveetlebistrot.com\/wp-content\/uploads\/2020\/01\/73325812_115259966574417_834726898272567296_o-scaled.jpg?resize=2048%2C901&amp;ssl=1 2048w, https:\/\/i0.wp.com\/lacaveetlebistrot.com\/wp-content\/uploads\/2020\/01\/73325812_115259966574417_834726898272567296_o-scaled.jpg?resize=1920%2C845&amp;ssl=1 1920w\" sizes=\"auto, (max-width: 1024px) 100vw, 1024px\" \/><\/figure>\n\n\n\n<h3 class=\"wp-block-heading\"><span class=\"has-inline-color has-black-color\">La Cave et le Bistrot est le r\u00e9sultat d&rsquo;une envie de vivre de notre passion du vin et de la bonne ch\u00e8re. Lorsqu&rsquo;au matin du passage d&rsquo;une dizaine \u00e0 ton \u00e2ge. Lorsque tu te dis que ton g\u00e2teau d&rsquo;anniversaire a comme un petit air de feu de foret et qu&rsquo;il vaut mieux \u00e9viter de souffler les bougies \u00e0 l&rsquo;ext\u00e9rieur. Et si tu te l\u00e8ves avec une furieuse envie de rester couch\u00e9 pour ne pas aller travailler. Il est plus que temps de r\u00e9fl\u00e9chir \u00e0 une reconversion. <br>C&rsquo;est comme \u00e7a que nous avons commenc\u00e9 \u00e0 imaginer un projet o\u00f9 M\u00e9lodie s&rsquo;occuperait de la partie bistrot et moi de la partie cave \u00e0 vin. Et notre concept tiendrait dans le mariage des deux. <\/span><\/h3>\n\n\n\n<figure class=\"wp-block-image size-large\"><img data-recalc-dims=\"1\" loading=\"lazy\" decoding=\"async\" width=\"1024\" height=\"631\" src=\"https:\/\/i0.wp.com\/lacaveetlebistrot.com\/wp-content\/uploads\/2021\/12\/wp-1639298181999.jpg?resize=1024%2C631&#038;ssl=1\" alt=\"notre salle au milieu de la cave et le bistrot\" class=\"wp-image-1539\"\/><figcaption>la cave \u00e0 vin<\/figcaption><\/figure>\n\n\n\n<h3 class=\"wp-block-heading\"><span class=\"has-inline-color has-black-color\">En soit ce type de concept est original et unique sur Aubagne. Mais on voulait aller plus loin et essayer de proposer en centre ville, une cave \u00e0 vin avec des r\u00e9f\u00e9rences tr\u00e8s pointues et un bistrot avec des produits de tr\u00e8s bonnes qualit\u00e9s. <br>Nous sommes donc partis pendant des ann\u00e9es \u00e0 la recherche de vignerons artisan, passionn\u00e9s par leur m\u00e9tier et qui nous donnent une \u00e9motion d\u00e8s l&rsquo;approche du verre. Il fallait \u00e9galement trouver des \u00ab\u00a0petits\u00a0\u00bb vignerons capables de nous offrir des vins d&rsquo;excellente qualit\u00e9 au prix tr\u00e8s doux. Nous avons \u00e9galement sillonn\u00e9 les r\u00e9gions productrices des produits de qualit\u00e9 que nous pourrions mettre \u00e0 notre carte.<\/span><br><span class=\"has-inline-color has-black-color\">On cherche <\/span><a href=\"https:\/\/www.youtube.com\/watch?v=QaPrdnlDd1M\" target=\"_blank\" rel=\"noreferrer noopener\"><span style=\"color:#2134c5\" class=\"has-inline-color\">les producteurs d&rsquo;Aubrac<\/span><\/a>, <a href=\"https:\/\/www.youtube.com\/watch?v=5XkBznza0IY\" target=\"_blank\" rel=\"noreferrer noopener\"><span style=\"color:#2134c5\" class=\"has-inline-color\">les agneaux de l&rsquo;Aveyron<\/span><\/a> <span class=\"has-inline-color has-black-color\">ou<\/span><span style=\"color:#1f5fcd\" class=\"has-inline-color\"> <\/span><a href=\"https:\/\/www.youtube.com\/watch?v=YHHb4TDW3yk\"><span style=\"color:#2134c5\" class=\"has-inline-color\">l<\/span><\/a><a href=\"https:\/\/www.youtube.com\/watch?v=YHHb4TDW3yk\" target=\"_blank\" rel=\"noreferrer noopener\"><span style=\"color:#2134c5\" class=\"has-inline-color\">es veaux du S\u00e9gala<\/span><\/a><\/h3>\n\n\n\n<h3 class=\"wp-block-heading\"><span class=\"has-inline-color has-black-color\">Toutes ces recherches nous ont amen\u00e9es \u00e0 ouvrir La Cave et le Bistrot \u00e0 Aubagne en novembre 2021 en pleine p\u00e9riode covid. Depuis on n&rsquo;a jamais autant travaill\u00e9 mais on se l\u00e8ve tous les matins avec la banane. <\/span><\/h3>\n\n\n\n<figure class=\"wp-block-image size-large\"><img data-recalc-dims=\"1\" height=\"768\" width=\"1024\" decoding=\"async\" src=\"https:\/\/i0.wp.com\/lacaveetlebistrot.com\/wp-content\/uploads\/2021\/12\/wp-1639072873187.jpg?resize=1024%2C768&#038;ssl=1\" alt=\"La devanture de la cave et le bistrot\" class=\"wp-image-1532\"\/><figcaption>La devanture de la cave \u00e0 vin<\/figcaption><\/figure>\n\n\n\n<h2 class=\"wp-block-heading\"><span class=\"has-inline-color has-black-color\">Alors si vous voulez boire un bon vin et \/ ou manger un bon morceau, tu n&rsquo;as plus d&rsquo;excuses et tu sais o\u00f9 aller. <\/span><\/h2>\n\n\n\n<h2 class=\"wp-block-heading\"><a href=\"https:\/\/lacaveetlebistrot.com\/index.php\/contact\/\" target=\"_blank\" rel=\"noreferrer noopener\"><span style=\"color:#2134c5\" class=\"has-inline-color\">Nous contacter<\/span><\/a><\/h2>\n\n\n\n<p><\/p>\n","protected":false},"excerpt":{"rendered":"<p>Avant tout, \u00e0 la Cave et le Bistrot nous sommes mari et femme, passionn\u00e9s des bonnes choses et \u00e9picuriens. La Cave et le Bistrot est le r\u00e9sultat d&rsquo;une envie de vivre de notre passion du vin et de la bonne ch\u00e8re. Lorsqu&rsquo;au matin du passage d&rsquo;une dizaine \u00e0 ton \u00e2ge. Lorsque tu te dis que&hellip; <br \/> <a class=\"read-more\" href=\"https:\/\/lacaveetlebistrot.com\/index.php\/a-propos-de-la-cave-et-le-bistrot\/\">Lire la suite<\/a><\/p>\n","protected":false},"author":1,"featured_media":0,"parent":0,"menu_order":0,"comment_status":"closed","ping_status":"closed","template":"","meta":{"footnotes":""},"class_list":["post-19","page","type-page","status-publish","hentry"],"yoast_head":"<!-- This site is optimized with the Yoast SEO plugin v26.3 - https:\/\/yoast.com\/wordpress\/plugins\/seo\/ -->\n<title>\u00c0 propos de la cave et le bistrot - La Cave et le Bistrot<\/title>\n<meta name=\"description\" content=\"M\u00e9lodie et Thierry, \u00e9picuriens de toujours, vous accueille \u00e0 la Cave et le Bistrot \u00e0 Aubagne, en centre ville, face \u00e0 la gare.\" \/>\n<meta name=\"robots\" content=\"index, follow, max-snippet:-1, max-image-preview:large, max-video-preview:-1\" \/>\n<link rel=\"canonical\" href=\"https:\/\/lacaveetlebistrot.com\/index.php\/a-propos-de-la-cave-et-le-bistrot\/\" \/>\n<meta property=\"og:locale\" content=\"fr_FR\" \/>\n<meta property=\"og:type\" content=\"article\" \/>\n<meta property=\"og:title\" content=\"\u00c0 propos de la cave et le bistrot - La Cave et le Bistrot\" \/>\n<meta property=\"og:description\" content=\"M\u00e9lodie et Thierry, \u00e9picuriens de toujours, vous accueille \u00e0 la Cave et le Bistrot \u00e0 Aubagne, en centre ville, face \u00e0 la gare.\" \/>\n<meta property=\"og:url\" content=\"https:\/\/lacaveetlebistrot.com\/index.php\/a-propos-de-la-cave-et-le-bistrot\/\" \/>\n<meta property=\"og:site_name\" content=\"La Cave et le Bistrot\" \/>\n<meta property=\"article:publisher\" content=\"https:\/\/www.facebook.com\/LaCaveetLeBistrot\" \/>\n<meta property=\"article:modified_time\" content=\"2022-01-19T15:48:37+00:00\" \/>\n<meta property=\"og:image\" content=\"http:\/\/lacaveetlebistrot.com\/wp-content\/uploads\/2020\/01\/73325812_115259966574417_834726898272567296_o-1024x450.jpg\" \/>\n<meta name=\"twitter:card\" content=\"summary_large_image\" \/>\n<meta name=\"twitter:label1\" content=\"Dur\u00e9e de lecture estim\u00e9e\" \/>\n\t<meta name=\"twitter:data1\" content=\"3 minutes\" \/>\n<script type=\"application\/ld+json\" class=\"yoast-schema-graph\">{\"@context\":\"https:\/\/schema.org\",\"@graph\":[{\"@type\":\"WebPage\",\"@id\":\"https:\/\/lacaveetlebistrot.com\/index.php\/a-propos-de-la-cave-et-le-bistrot\/\",\"url\":\"https:\/\/lacaveetlebistrot.com\/index.php\/a-propos-de-la-cave-et-le-bistrot\/\",\"name\":\"\u00c0 propos de la cave et le bistrot - La Cave et le Bistrot\",\"isPartOf\":{\"@id\":\"https:\/\/lacaveetlebistrot.com\/#website\"},\"primaryImageOfPage\":{\"@id\":\"https:\/\/lacaveetlebistrot.com\/index.php\/a-propos-de-la-cave-et-le-bistrot\/#primaryimage\"},\"image\":{\"@id\":\"https:\/\/lacaveetlebistrot.com\/index.php\/a-propos-de-la-cave-et-le-bistrot\/#primaryimage\"},\"thumbnailUrl\":\"http:\/\/lacaveetlebistrot.com\/wp-content\/uploads\/2020\/01\/73325812_115259966574417_834726898272567296_o-1024x450.jpg\",\"datePublished\":\"2020-01-06T23:48:10+00:00\",\"dateModified\":\"2022-01-19T15:48:37+00:00\",\"description\":\"M\u00e9lodie et Thierry, \u00e9picuriens de toujours, vous accueille \u00e0 la Cave et le Bistrot \u00e0 Aubagne, en centre ville, face \u00e0 la gare.\",\"breadcrumb\":{\"@id\":\"https:\/\/lacaveetlebistrot.com\/index.php\/a-propos-de-la-cave-et-le-bistrot\/#breadcrumb\"},\"inLanguage\":\"fr-FR\",\"potentialAction\":[{\"@type\":\"ReadAction\",\"target\":[\"https:\/\/lacaveetlebistrot.com\/index.php\/a-propos-de-la-cave-et-le-bistrot\/\"]}]},{\"@type\":\"ImageObject\",\"inLanguage\":\"fr-FR\",\"@id\":\"https:\/\/lacaveetlebistrot.com\/index.php\/a-propos-de-la-cave-et-le-bistrot\/#primaryimage\",\"url\":\"http:\/\/lacaveetlebistrot.com\/wp-content\/uploads\/2020\/01\/73325812_115259966574417_834726898272567296_o-1024x450.jpg\",\"contentUrl\":\"http:\/\/lacaveetlebistrot.com\/wp-content\/uploads\/2020\/01\/73325812_115259966574417_834726898272567296_o-1024x450.jpg\"},{\"@type\":\"BreadcrumbList\",\"@id\":\"https:\/\/lacaveetlebistrot.com\/index.php\/a-propos-de-la-cave-et-le-bistrot\/#breadcrumb\",\"itemListElement\":[{\"@type\":\"ListItem\",\"position\":1,\"name\":\"Accueil\",\"item\":\"https:\/\/lacaveetlebistrot.com\/\"},{\"@type\":\"ListItem\",\"position\":2,\"name\":\"\u00c0 propos de la cave et le bistrot\"}]},{\"@type\":\"WebSite\",\"@id\":\"https:\/\/lacaveetlebistrot.com\/#website\",\"url\":\"https:\/\/lacaveetlebistrot.com\/\",\"name\":\"La Cave et le Bistrot\",\"description\":\"La cave \u00e0 vin du centre ville d&#039;Aubagne\",\"publisher\":{\"@id\":\"https:\/\/lacaveetlebistrot.com\/#organization\"},\"potentialAction\":[{\"@type\":\"SearchAction\",\"target\":{\"@type\":\"EntryPoint\",\"urlTemplate\":\"https:\/\/lacaveetlebistrot.com\/?s={search_term_string}\"},\"query-input\":{\"@type\":\"PropertyValueSpecification\",\"valueRequired\":true,\"valueName\":\"search_term_string\"}}],\"inLanguage\":\"fr-FR\"},{\"@type\":\"Organization\",\"@id\":\"https:\/\/lacaveetlebistrot.com\/#organization\",\"name\":\"La Cave et le Bistrot\",\"alternateName\":\"Cave \u00e0 vin Aubagne\",\"url\":\"https:\/\/lacaveetlebistrot.com\/\",\"logo\":{\"@type\":\"ImageObject\",\"inLanguage\":\"fr-FR\",\"@id\":\"https:\/\/lacaveetlebistrot.com\/#\/schema\/logo\/image\/\",\"url\":\"https:\/\/i0.wp.com\/lacaveetlebistrot.com\/wp-content\/uploads\/2021\/12\/Logo-carre-e1642772598302.png?fit=548%2C572&ssl=1\",\"contentUrl\":\"https:\/\/i0.wp.com\/lacaveetlebistrot.com\/wp-content\/uploads\/2021\/12\/Logo-carre-e1642772598302.png?fit=548%2C572&ssl=1\",\"width\":548,\"height\":572,\"caption\":\"La Cave et le Bistrot\"},\"image\":{\"@id\":\"https:\/\/lacaveetlebistrot.com\/#\/schema\/logo\/image\/\"},\"sameAs\":[\"https:\/\/www.facebook.com\/LaCaveetLeBistrot\"]}]}<\/script>\n<!-- \/ Yoast SEO plugin. -->","yoast_head_json":{"title":"\u00c0 propos de la cave et le bistrot - La Cave et le Bistrot","description":"M\u00e9lodie et Thierry, \u00e9picuriens de toujours, vous accueille \u00e0 la Cave et le Bistrot \u00e0 Aubagne, en centre ville, face \u00e0 la gare.","robots":{"index":"index","follow":"follow","max-snippet":"max-snippet:-1","max-image-preview":"max-image-preview:large","max-video-preview":"max-video-preview:-1"},"canonical":"https:\/\/lacaveetlebistrot.com\/index.php\/a-propos-de-la-cave-et-le-bistrot\/","og_locale":"fr_FR","og_type":"article","og_title":"\u00c0 propos de la cave et le bistrot - La Cave et le Bistrot","og_description":"M\u00e9lodie et Thierry, \u00e9picuriens de toujours, vous accueille \u00e0 la Cave et le Bistrot \u00e0 Aubagne, en centre ville, face \u00e0 la gare.","og_url":"https:\/\/lacaveetlebistrot.com\/index.php\/a-propos-de-la-cave-et-le-bistrot\/","og_site_name":"La Cave et le Bistrot","article_publisher":"https:\/\/www.facebook.com\/LaCaveetLeBistrot","article_modified_time":"2022-01-19T15:48:37+00:00","og_image":[{"url":"http:\/\/lacaveetlebistrot.com\/wp-content\/uploads\/2020\/01\/73325812_115259966574417_834726898272567296_o-1024x450.jpg","type":"","width":"","height":""}],"twitter_card":"summary_large_image","twitter_misc":{"Dur\u00e9e de lecture estim\u00e9e":"3 minutes"},"schema":{"@context":"https:\/\/schema.org","@graph":[{"@type":"WebPage","@id":"https:\/\/lacaveetlebistrot.com\/index.php\/a-propos-de-la-cave-et-le-bistrot\/","url":"https:\/\/lacaveetlebistrot.com\/index.php\/a-propos-de-la-cave-et-le-bistrot\/","name":"\u00c0 propos de la cave et le bistrot - La Cave et le Bistrot","isPartOf":{"@id":"https:\/\/lacaveetlebistrot.com\/#website"},"primaryImageOfPage":{"@id":"https:\/\/lacaveetlebistrot.com\/index.php\/a-propos-de-la-cave-et-le-bistrot\/#primaryimage"},"image":{"@id":"https:\/\/lacaveetlebistrot.com\/index.php\/a-propos-de-la-cave-et-le-bistrot\/#primaryimage"},"thumbnailUrl":"http:\/\/lacaveetlebistrot.com\/wp-content\/uploads\/2020\/01\/73325812_115259966574417_834726898272567296_o-1024x450.jpg","datePublished":"2020-01-06T23:48:10+00:00","dateModified":"2022-01-19T15:48:37+00:00","description":"M\u00e9lodie et Thierry, \u00e9picuriens de toujours, vous accueille \u00e0 la Cave et le Bistrot \u00e0 Aubagne, en centre ville, face \u00e0 la gare.","breadcrumb":{"@id":"https:\/\/lacaveetlebistrot.com\/index.php\/a-propos-de-la-cave-et-le-bistrot\/#breadcrumb"},"inLanguage":"fr-FR","potentialAction":[{"@type":"ReadAction","target":["https:\/\/lacaveetlebistrot.com\/index.php\/a-propos-de-la-cave-et-le-bistrot\/"]}]},{"@type":"ImageObject","inLanguage":"fr-FR","@id":"https:\/\/lacaveetlebistrot.com\/index.php\/a-propos-de-la-cave-et-le-bistrot\/#primaryimage","url":"http:\/\/lacaveetlebistrot.com\/wp-content\/uploads\/2020\/01\/73325812_115259966574417_834726898272567296_o-1024x450.jpg","contentUrl":"http:\/\/lacaveetlebistrot.com\/wp-content\/uploads\/2020\/01\/73325812_115259966574417_834726898272567296_o-1024x450.jpg"},{"@type":"BreadcrumbList","@id":"https:\/\/lacaveetlebistrot.com\/index.php\/a-propos-de-la-cave-et-le-bistrot\/#breadcrumb","itemListElement":[{"@type":"ListItem","position":1,"name":"Accueil","item":"https:\/\/lacaveetlebistrot.com\/"},{"@type":"ListItem","position":2,"name":"\u00c0 propos de la cave et le bistrot"}]},{"@type":"WebSite","@id":"https:\/\/lacaveetlebistrot.com\/#website","url":"https:\/\/lacaveetlebistrot.com\/","name":"La Cave et le Bistrot","description":"La cave \u00e0 vin du centre ville d&#039;Aubagne","publisher":{"@id":"https:\/\/lacaveetlebistrot.com\/#organization"},"potentialAction":[{"@type":"SearchAction","target":{"@type":"EntryPoint","urlTemplate":"https:\/\/lacaveetlebistrot.com\/?s={search_term_string}"},"query-input":{"@type":"PropertyValueSpecification","valueRequired":true,"valueName":"search_term_string"}}],"inLanguage":"fr-FR"},{"@type":"Organization","@id":"https:\/\/lacaveetlebistrot.com\/#organization","name":"La Cave et le Bistrot","alternateName":"Cave \u00e0 vin Aubagne","url":"https:\/\/lacaveetlebistrot.com\/","logo":{"@type":"ImageObject","inLanguage":"fr-FR","@id":"https:\/\/lacaveetlebistrot.com\/#\/schema\/logo\/image\/","url":"https:\/\/i0.wp.com\/lacaveetlebistrot.com\/wp-content\/uploads\/2021\/12\/Logo-carre-e1642772598302.png?fit=548%2C572&ssl=1","contentUrl":"https:\/\/i0.wp.com\/lacaveetlebistrot.com\/wp-content\/uploads\/2021\/12\/Logo-carre-e1642772598302.png?fit=548%2C572&ssl=1","width":548,"height":572,"caption":"La Cave et le Bistrot"},"image":{"@id":"https:\/\/lacaveetlebistrot.com\/#\/schema\/logo\/image\/"},"sameAs":["https:\/\/www.facebook.com\/LaCaveetLeBistrot"]}]}},"jetpack-related-posts":[],"jetpack_sharing_enabled":true,"_links":{"self":[{"href":"https:\/\/lacaveetlebistrot.com\/index.php\/wp-json\/wp\/v2\/pages\/19","targetHints":{"allow":["GET"]}}],"collection":[{"href":"https:\/\/lacaveetlebistrot.com\/index.php\/wp-json\/wp\/v2\/pages"}],"about":[{"href":"https:\/\/lacaveetlebistrot.com\/index.php\/wp-json\/wp\/v2\/types\/page"}],"author":[{"embeddable":true,"href":"https:\/\/lacaveetlebistrot.com\/index.php\/wp-json\/wp\/v2\/users\/1"}],"replies":[{"embeddable":true,"href":"https:\/\/lacaveetlebistrot.com\/index.php\/wp-json\/wp\/v2\/comments?post=19"}],"version-history":[{"count":26,"href":"https:\/\/lacaveetlebistrot.com\/index.php\/wp-json\/wp\/v2\/pages\/19\/revisions"}],"predecessor-version":[{"id":2249,"href":"https:\/\/lacaveetlebistrot.com\/index.php\/wp-json\/wp\/v2\/pages\/19\/revisions\/2249"}],"wp:attachment":[{"href":"https:\/\/lacaveetlebistrot.com\/index.php\/wp-json\/wp\/v2\/media?parent=19"}],"curies":[{"name":"wp","href":"https:\/\/api.w.org\/{rel}","templated":true}]}}